 - 6*p + 5. Let g be c(j). Suppose -4*m = 18 - g. What are the prime factors of m?
2
Let b(a) be the first derivative of a**6/90 - a**5/30 - a**4/8 - 2*a**3/3 + 5. Let c(q) be the third derivative of b(q). What are the prime factors of c(-2)?
3, 7
Suppose -5*x - 2*b + 4*b - 304 = 0, 0 = -3*x - 2*b - 176. Let a be x/48 - (-2)/8. Let u = a + 5. What are the prime factors of u?
2
Let p = 2953 + -918. List the prime factors of p.
5, 11, 37
Let h(d) = -6*d + 104. List the prime factors of h(-14).
2, 47
Suppose 3*g - 29240 = -14*g. What are the prime factors of g?
2, 5, 43
Suppose -12*z + 2619 + 177 = 0. What are the prime factors of z?
233
Let c(p) = p**2 + p + 1. Let t(b) be the second derivative of b**4/6 - b**3/2 + 5*b**2 + 3*b. Let z(g) = 3*c(g) - t(g). What are the prime factors of z(-10)?
3, 11
Let b = 67 + -31. Let h be (-16)/(-2)*2/4. Suppose -3*v = -4*l - 34, -h*l = 2*v - 0 - b. List the prime factors of v.
2, 7
Let c be 52/2 + 68/17. Let y = 116 + c. Suppose 4*g - y + 30 = 0. List the prime factors of g.
29
Let x = -1044 - -1780. List the prime factors of x.
2, 23
Let h = -3590 - -5221. List the prime factors of h.
7, 233
Let u(s) = 11*s + 40. Let b be u(-13). Let h = b - -153. List the prime factors of h.
2, 5
Suppose 0 = 4*p + 4*v + 4, -2*v + 12 = -2*p - 6*v. Let y(d) = -2*d - d + 4*d**2 + 3*d + p - d. What are the prime factors of y(-3)?
43
Let k(v) = v**2 + 8*v - 3. Let n(a) = -4*a + 5. Let i be n(5). List the prime factors of k(i).
2, 3, 17
Suppose -n + 5*q + 47 = 0, -4*n - q + 124 = -5*q. What are the prime factors of n?
3
Let l = -782 + 1188. List the prime factors of l.
2, 7, 29
What are the prime factors of 1713 + 14 + 1 + -3?
3, 5, 23
Let i = -17 + 19. Suppose -7*l + 2*l = 0. Suppose l = -i*s + 36 - 8. What are the prime factors of s?
2, 7
Let s(r) = -r**2 + 8*r + 4. Let u be s(9). What are the prime factors of (-4)/u*215/2?
2, 43
Let l = 119 - 113. Let c = 1 + -10. What are the prime factors of 2*((-891)/l)/c?
3, 11
Let k be 9/(-12) - 441/(-12). Let g = k - -72. List the prime factors of g.
2, 3
Let z be 2/(-13) - (-328)/104. Suppose a - 5*k = 33, z*a - 149 = 2*k + 3*k. What are the prime factors of a?
2, 29
Suppose 5 = r - 2*r. Let v be (-122)/r + (-30)/(-50). Suppose v + 31 = 4*j. What are the prime factors of j?
2, 7
Suppose -6*q - 16 = -2*q + 4*o, -4*q + o = 16. List the prime factors of (54/q)/((-3)/6).
3
Let s(t) = -t**3 - 5*t**2 + 2*t. Let x be s(-6). Let p = x + 0. Let r = p + 13. List the prime factors of r.
37
Let k(m) be the second derivative of m**4/12 - 2*m**3/3 + m**2 - m. Let b be k(-4). Let g = -16 + b. What are the prime factors of g?
2, 3
Let c(q) = 10*q**2 - q + 4. Let s be c(-4). Suppose f + s = 3*f. Let a = f + -59. What are the prime factors of a?
5
Let c(d) = 3*d**3 - d**2 - 3*d + 1925. List the prime factors of c(0).
5, 7, 11
Let n(z) = -11*z**3 - 2*z**2 + 4. Suppose -r - 18 = -20. Let w be n(r). Let i = w - -145. List the prime factors of i.
53
Let j = -99 - -107. Let v(b) = b**2 + 7*b + 26. What are the prime factors of v(j)?
2, 73
Let k = 2480 + -1373. What are the prime factors of k?
3, 41
Let g(p) = p - 11. Let t be g(14). Let f(h) = -1 + 4*h**2 + 5*h**2 + 4*h - 5*h + 5*h + h**t. What are the prime factors of f(-8)?
31
Suppose 0 = -6*n + 4*n + 2. Suppose -12*j = -5*j - 385. Suppose -3*c - n + j = 0. What are the prime factors of c?
2, 3
Suppose -3*g + g = 24. Let i be (g/10)/((-9)/60). Suppose -3*v = -5*v + i. List the prime factors of v.
2
Let k be 9/(-1 - (-1 + 9/12)). Let a(g) = -g**3 - 11*g**2 + 12*g + 26. List the prime factors of a(k).
2, 13
Let n = 33 - 29. Suppose -477 = -n*w - 61. What are the prime factors of w?
2, 13
Suppose 0 = 8*b - 6251 - 17549. What are the prime factors of b?
5, 7, 17
Let u be 2*(1 + (2 - -4)). Let w(t) = t**3 - u*t - 4*t**2 - 2 - 7*t**2 - 4*t**2. List the prime factors of w(16).
2, 3, 5
Let p be 4/3*(-63)/14. Let y(j) = -j**3 - 4*j**2 + 7. What are the prime factors of y(p)?
79
Suppose -4*v + 8 = 0, 5*q + 6*v - 2243 = 2*v. List the prime factors of q.
3, 149
Let q(r) = 183*r**2 + 4*r - 3. Let v be q(1). Suppose 5*d - v = 336. What are the prime factors of d?
2, 13
Let q be -3 + 5 + 0 + 3. Suppose -4*a = p - 4*p - 451, 2*a - q*p - 215 = 0. List the prime factors of a.
5, 23
Let u(f) = -15*f - 60 + 60. Let m = -2 - -1. What are the prime factors of u(m)?
3, 5
Let l = 3925 + -1597. What are the prime factors of l?
2, 3, 97
Suppose 0 = q - 4*l + 1, -q + l + 0*l = -2. List the prime factors of 4 + (-21)/q + 47.
2, 11
Let v = 16 - 21. Let l be 72/14 + v/35. Suppose -l*z = 2*w - 0*w - 118, -177 = -3*w - 2*z. List the prime factors of w.
59
Let z = -209 - -116. Let o = -56 - z. List the prime factors of o.
37
Suppose 6836 = 11*g - 996. List the prime factors of g.
2, 89
Let v be ((-6)/(-4))/((-11)/(-22)). Suppose -v*p = 3*x + 21, -x - 7 + 3 = -2*p. Let a(r) = -r**3 - 3*r**2 + 12*r + 5. List the prime factors of a(x).
41
Let t(w) = 3*w + 2. Let p be t(-2). Let d be p/(0 - -2) - 0. What are the prime factors of 4*(148/16 + d)?
29
Suppose 580 = 4*b + 4*i, 5*b + i = 3*i + 711. What are the prime factors of b?
11, 13
What are the prime factors of (-19314)/(-12) - (21/6)/7?
1609
Let v = 2 - -4. Suppose -4*i - 3*c = -247, -v*i + 3*c + 302 = -i. List the prime factors of i.
61
Suppose -3*y + 109 = -38. Let s = -35 - y. What are the prime factors of (2 + -23)*s/49?
2, 3
Let i(t) = t**3 + 7*t**2 - 56*t - 4. List the prime factors of i(-8).
2, 5, 19
Suppose -3*f + 403 = 4*p, 321 = -p + 4*p - 4*f. Let s = 306 - p. What are the prime factors of s?
7, 29
Let j(h) = 15*h - 45*h + 21*h. List the prime factors of j(-1).
3
Suppose -777 = -8*n - 49. Suppose l - z - n = 0, z - 5 = -4*z. List the prime factors of l.
2, 23
List the prime factors of (-2057)/(7 - (3 - 45/(-10))).
2, 11, 17
Let a(c) = 38*c**2 + 25*c + 112. What are the prime factors of a(-5)?
937
Let q(v) = -14*v**3 + 28*v + 12. List the prime factors of q(-5).
2, 811
Let p(u) = 44*u + 10. What are the prime factors of p(6)?
2, 137
Let c(j) = 2*j - 11. Let m be c(0). Let f = m - -21. List the prime factors of (-1305)/(-25) - 2/f.
2, 13
Let f(a) = 2*a**3 - 17*a**2 + 26*a - 7. List the prime factors of f(10).
7, 79
Let t(s) = -s - 1. Let h be t(2). Let z be ((-28)/6)/(2/h). Let j = 16 + z. What are the prime factors of j?
23
Let w = -148 + 343. Let m be 24/(-15)*w/(-6). Let c = -23 + m. What are the prime factors of c?
29
Let l(f) = -f**2 - 25*f + 30. What are the prime factors of l(-14)?
2, 23
Let j = -12 - -12. Suppose j = 2*g - 3*t - 233, 4*g - 2*t - 577 = -g. List the prime factors of g.
5, 23
Suppose -11283 = -8*s - 3563. List the prime factors of s.
5, 193
Let j be 6/(((-6)/(-51))/(-1)). Let w = j + 31. What are the prime factors of (22/5)/((-4)/w)?
2, 11
Let k be (-1955)/15 - (-1)/3. Suppose 6*m + 0 = 12. What are the prime factors of (6 + -7)*k/m?
5, 13
Let l = 10 + -5. Suppose a + 2*h = 24, -l*a - 4*h = h - 95. What are the prime factors of a?
2, 7
Suppose -26*p - 4393 = -30*p - 3*y, p + 5*y - 1094 = 0. What are the prime factors of p?
7, 157
Let h = -268 + 1109. What are the prime factors of h?
29
Suppose 55*d = -p + 58*d + 394, -d = 2. What are the prime factors of p?
2, 97
List the prime factors of (-6)/(-4)*29896/111.
2, 101
Suppose s + 4*z = 5*z + 624, 3*s - z = 1872. What are the prime factors of s?
2, 3, 13
Let i(m) = -4*m + 5. Let w be i(2). List the prime factors of (w - (-80)/25) + (-1136)/(-20).
3, 19
Let y(w) = 515*w - 3. List the prime factors of y(1).
2
Let b(m) = m**3 - 3*m**2 + 2. Suppose -2 = 4*n + 2*t - 16, n - 5*t - 9 = 0. List the prime factors of b(n).
2, 3
Suppose 3*j = 15 + 6. Let f(k) be the third derivative of k**5/60 - 3*k**3/2 - 19*k**2. List the prime factors of f(j).
2, 5
Let r = 1 + 3. Suppose -r*g + 19 = 5*w, -3 - 1 = -4*g. Suppose 324 = 4*i + 5*s, 0*s + 244 = w*i + 4*s. What are the prime factors of i?
2, 19
Let n be -11 + 3 + 12/3. List the prime factors of (-2 - n)/(4/104).
2, 13
Let y = -260 + 397. Suppose -2*m + y = -1. List the prime factors of m.
3, 23
Suppose 0*s = -5*u - s - 19, -3*u + 11 = -5*s. Let h(d) = d**3 + 4*d**2 + d - 3. Let z be h(u). Suppose 111 = -0*x + z*x. What are the prime factors of x?
37
Let h(i) = -i**3 - 4*i**2 - i - 2. Let c be h(-4). What are the prime factor